ist the prime factors of 93254.
2, 7, 6661
What are the prime factors of 3970?
2, 5, 397
List the prime factors of 566863.
11, 29, 1777
What are the prime factors of 810783?
3, 30029
List the prime factors of 17765411.
911, 19501
What are the prime factors of 43140?
2, 3, 5, 719
List the prime factors of 5214740.
2, 5, 19, 13723
What are the prime factors of 586162?
2, 293081
What are the prime factors of 70708?
2, 11, 1607
What are the prime factors of 4838805?
3, 5, 73, 491
List the prime factors of 5328742.
2, 797, 3343
List the prime factors of 200971.
200971
List the prime factors of 2709694.
2, 13, 89, 1171
List the prime factors of 3845070.
2, 3, 5, 47, 101
What are the prime factors of 222077?
137, 1621
List the prime factors of 1573329.
3, 367, 1429
What are the prime factors of 274516?
2, 11, 17, 367
List the prime factors of 106676.
2, 26669
List the prime factors of 672424.
2, 84053
What are the prime factors of 29817565?
5, 131, 45523
List the prime factors of 191910.
2, 3, 5, 6397
What are the prime factors of 115818?
2, 3, 97, 199
List the prime factors of 41441844.
2, 3, 103, 33529
What are the prime factors of 2689813?
7, 384259
List the prime factors of 3528952.
2, 7, 29, 41, 53
What are the prime factors of 25215221?
25215221
What are the prime factors of 140363?
140363
What are the prime factors of 27655281?
3, 71, 113, 383
List the prime factors of 961264.
2, 73, 823
List the prime factors of 6527608.
2, 31, 26321
What are the prime factors of 211128?
2, 3, 19, 463
List the prime factors of 13575381.
3, 1249, 3623
List the prime factors of 333184.
2, 19, 137
List the prime factors of 2222726.
2, 11, 71, 1423
List the prime factors of 22202028.
2, 3, 616723
List the prime factors of 3191949.
3, 354661
What are the prime factors of 1360962?
2, 3, 31, 271
What are the prime factors of 119617?
119617
List the prime factors of 184672.
2, 29, 199
What are the prime factors of 247205?
5, 7, 1009
List the prime factors of 510437.
347, 1471
List the prime factors of 28524562.
2, 11, 1296571
List the prime factors of 1276963.
359, 3557
What are the prime factors of 11919529?
47, 253607
List the prime factors of 345288.
2, 3, 14387
What are the prime factors of 6278389?
13, 17, 28409
List the prime factors of 377078.
2, 13, 14503
List the prime factors of 540075.
3, 5, 19, 379
List the prime factors of 753682.
2, 376841
What are the prime factors of 14409041?
1153, 12497
List the prime factors of 539253.
3, 11, 13, 419
List the prime factors of 671466.
2, 3, 17, 29, 227
What are the prime factors of 2638872?
2, 3, 19, 643
List the prime factors of 5349630.
2, 3, 5, 11, 13, 29, 43
List the prime factors of 7173596.
2, 1793399
List the prime factors of 98654.
2, 107, 461
List the prime factors of 159991.
13, 31, 397
What are the prime factors of 13759058?
2, 1873, 3673
List the prime factors of 22822165.
5, 131, 34843
What are the prime factors of 235887?
3, 61, 1289
List the prime factors of 14818965.
3, 5, 7, 107, 1319
List the prime factors of 488945.
5, 97789
What are the prime factors of 380895?
3, 5, 67, 379
List the prime factors of 4467480.
2, 3, 5, 59, 631
What are the prime factors of 379800?
2, 3, 5, 211
List the prime factors of 4464547.
4464547
What are the prime factors of 1972081?
643, 3067
What are the prime factors of 799634?
2, 11, 19, 1913
What are the prime factors of 10821915?
3, 5, 13, 1423
List the prime factors of 2726843.
7, 79, 4931
List the prime factors of 1849073.
17, 108769
What are the prime factors of 22080?
2, 3, 5, 23
What are the prime factors of 6507647?
71, 151, 607
List the prime factors of 84718.
2, 42359
List the prime factors of 2376776.
2, 297097
List the prime factors of 1973543.
11, 13, 37, 373
List the prime factors of 1439193.
3, 7, 19, 3607
List the prime factors of 169189.
89, 1901
List the prime factors of 2910279.
3, 67, 14479
What are the prime factors of 648915?
3, 5, 43261
List the prime factors of 124006.
2, 62003
What are the prime factors of 30151193?
149, 202357
What are the prime factors of 915213?
3, 13, 31, 757
List the prime factors of 96501.
3, 19, 1693
What are the prime factors of 465226?
2, 457, 509
What are the prime factors of 12484465?
5, 7, 50957
List the prime factors of 1180724.
2, 229, 1289
List the prime factors of 238912.
2, 3733
List the prime factors of 37200199.
17, 353, 6199
What are the prime factors of 32388166?
2, 449, 36067
List the prime factors of 3412228.
2, 853057
What are the prime factors of 327060?
2, 3, 5, 23, 79
What are the prime factors of 1898810?
2, 5, 189881
What are the prime factors of 2016568?
2, 83, 3037
List the prime factors of 63459.
3, 11, 641
List the prime factors of 6346009.
6346009
List the prime factors of 10735387.
13, 139, 457
List the prime factors of 51133.
51133
What are the prime factors of 24455376?
2, 3, 11, 15439
List the prime factors of 516391.
516391
What are the prime factors of 1999610?
2, 5, 199961
List the prime factors of 3125569.
17, 53, 3469
What are the prime factors of 759748?
2, 11, 31, 557
List the prime factors of 10722934.
2, 149, 35983
What are the prime factors of 13516762?
2, 7, 965483
List the prime factors of 559885.
5, 111977
List the prime factors of 29634920.
2, 5, 7, 109, 971
List the prime factors of 90338.
2, 17, 2657
List the prime factors of 502132.
2, 19, 6607
List the prime factors of 299955.
3, 5, 19997
List the prime factors of 1248278.
2, 624139
What are the prime factors of 10318201?
17, 67, 9059
What are the prime factors of 1038472?
2, 271, 479
What are the prime factors of 599786?
2, 11, 137, 199
What are the prime factors of 5843083?
5843083
List the prime factors of 14746874.
2, 1831, 4027
What are the prime factors of 3648506?
2, 17, 107309
What are the prime factors of 1147182?
2, 3, 19, 29, 347
What are the prime factors of 12603?
3, 4201
List the prime factors of 962933.
881, 1093
List the prime factors of 6469262.
2, 29, 111539
List the prime factors of 1012076.
2, 13, 19463
List the prime factors of 10040474.
2, 19, 163, 1621
What are the prime factors of 510614?
2, 13, 41, 479
List the prime factors of 107645.
5, 21529
List the prime factors of 36472910.
2, 5, 3647291
What are the prime factors of 1221286?
2, 11, 43, 1291
List the prime factors of 146068.
2, 13, 53
What are the prime factors of 551794?
2, 275897
What are the prime factors of 122565?
3, 5, 8171
List the prime factors of 126866.
2, 229, 277
What are the prime factors of 807209?
13, 31, 2003
List the prime factors of 5536749.
3, 1845583
What are the prime factors of 109548?
2, 3, 17, 179
List the prime factors of 1170677.
23, 2213
What are the prime factors of 12773796?
2, 3, 7, 41, 3709
List the prime factors of 18747390.
2, 3, 5, 241, 2593
What are the prime factors of 1496791?
1496791
What are the prime factors of 784376?
2, 98047
List the prime factors of 126797.
11, 11527
List the prime factors of 60740.
2, 5, 3037
What are the prime factors of 5304037?
449, 11813
List the prime factors of 2268.
2, 3, 7
List the prime factors of 6549318.
2, 3, 17, 1259
List the prime factors of 6735516.
2, 3, 571, 983
List the prime factors of 1620305.
5, 367, 883
What are the prime factors of 4837698?
2, 3, 101, 887
List the prime factors of 461548.
2, 19, 6073
List the prime factors of 12902303.
17, 29, 26171
List the prime factors of 234892.
2, 7, 8389
List the prime factors of 295040.
2, 5, 461
What are the prime factors of 191882?
2, 37, 2593
What are the prime factors of 473687?
151, 3137
List the prime factors of 14276222.
2, 137, 52103
List the prime factors of 438458.
2, 211, 1039
List the prime factors of 450988.
2, 31, 3637
What are the prime factors of 375085?
5, 75017
List the prime factors of 5107306.
2, 29, 173, 509
What are the prime factors of 812962?
2, 406481
List the prime factors of 32933111.
32933111
What are the prime factors of 1399282?
2, 699641
List the prime factors of 19132740.
2, 3, 5, 11, 3221
List the prime factors of 1035778.
2, 37, 13997
What are the prime factors of 159819?
3, 11, 29, 167
What are the prime factors of 3574152?
2, 3, 16547
What are the prime factors of 1311598?
2, 23, 28513
List the prime factors of 88293.
3, 19, 1549
List the prime factors of 5012371.
7, 13, 19, 223
